, 3, 17, 37
What are the prime factors of 5470?
2, 5, 547
What are the prime factors of 102869?
13, 41, 193
List the prime factors of 231.
3, 7, 11
What are the prime factors of 41246?
2, 41, 503
What are the prime factors of 22372?
2, 7, 17, 47
List the prime factors of 9699.
3, 53, 61
What are the prime factors of 1200?
2, 3, 5
What are the prime factors of 1269?
3, 47
What are the prime factors of 655?
5, 131
What are the prime factors of 27503?
7, 3929
List the prime factors of 7836.
2, 3, 653
What are the prime factors of 1650?
2, 3, 5, 11
What are the prime factors of 3364?
2, 29
List the prime factors of 17278.
2, 53, 163
List the prime factors of 1308.
2, 3, 109
List the prime factors of 2913.
3, 971
What are the prime factors of 24671?
24671
List the prime factors of 36.
2, 3
What are the prime factors of 2789?
2789
What are the prime factors of 8515?
5, 13, 131
What are the prime factors of 9974?
2, 4987
What are the prime factors of 3603?
3, 1201
What are the prime factors of 40242?
2, 3, 19, 353
What are the prime factors of 3522?
2, 3, 587
List the prime factors of 62501.
62501
List the prime factors of 1760.
2, 5, 11
What are the prime factors of 1813?
7, 37
List the prime factors of 2710.
2, 5, 271
What are the prime factors of 1408?
2, 11
What are the prime factors of 16563?
3, 5521
What are the prime factors of 76315?
5, 15263
What are the prime factors of 4943?
4943
List the prime factors of 1292.
2, 17, 19
List the prime factors of 35717.
11, 17, 191
What are the prime factors of 3248?
2, 7, 29
List the prime factors of 16987.
16987
List the prime factors of 2890.
2, 5, 17
List the prime factors of 32112.
2, 3, 223
List the prime factors of 2473.
2473
What are the prime factors of 235?
5, 47
List the prime factors of 2189.
11, 199
What are the prime factors of 1586?
2, 13, 61
List the prime factors of 82271.
7, 23, 73
List the prime factors of 3918.
2, 3, 653
What are the prime factors of 471?
3, 157
List the prime factors of 24405.
3, 5, 1627
List the prime factors of 14295.
3, 5, 953
What are the prime factors of 31237?
31237
List the prime factors of 6325.
5, 11, 23
What are the prime factors of 47245?
5, 11, 859
What are the prime factors of 1994?
2, 997
List the prime factors of 3072.
2, 3
List the prime factors of 114983.
11, 10453
What are the prime factors of 1587?
3, 23
What are the prime factors of 556?
2, 139
List the prime factors of 1074.
2, 3, 179
List the prime factors of 1444.
2, 19
What are the prime factors of 19900?
2, 5, 199
What are the prime factors of 1768?
2, 13, 17
What are the prime factors of 349?
349
List the prime factors of 2174.
2, 1087
List the prime factors of 109.
109
List the prime factors of 1359.
3, 151
What are the prime factors of 27681?
3, 9227
List the prime factors of 1050.
2, 3, 5, 7
What are the prime factors of 4975?
5, 199
What are the prime factors of 45014?
2, 71, 317
What are the prime factors of 2672?
2, 167
List the prime factors of 13530.
2, 3, 5, 11, 41
What are the prime factors of 30893?
30893
List the prime factors of 22994.
2, 11497
What are the prime factors of 2861?
2861
What are the prime factors of 49743?
3, 5527
What are the prime factors of 82338?
2, 3, 13723
What are the prime factors of 9856?
2, 7, 11
What are the prime factors of 903?
3, 7, 43
List the prime factors of 33638.
2, 11, 139
List the prime factors of 2425.
5, 97
List the prime factors of 6125.
5, 7
What are the prime factors of 56707?
7, 8101
List the prime factors of 11132.
2, 11, 23
List the prime factors of 69648.
2, 3, 1451
List the prime factors of 3006.
2, 3, 167
What are the prime factors of 315?
3, 5, 7
What are the prime factors of 9337?
9337
What are the prime factors of 62523?
3, 6947
What are the prime factors of 832?
2, 13
What are the prime factors of 45752?
2, 7, 19, 43
List the prime factors of 39705.
3, 5, 2647
What are the prime factors of 437?
19, 23
List the prime factors of 13792.
2, 431
What are the prime factors of 1191?
3, 397
What are the prime factors of 5069?
37, 137
What are the prime factors of 3616?
2, 113
What are the prime factors of 2050?
2, 5, 41
What are the prime factors of 13727?
7, 37, 53
List the prime factors of 2916.
2, 3
What are the prime factors of 4409?
4409
What are the prime factors of 4285?
5, 857
List the prime factors of 3480.
2, 3, 5, 29
What are the prime factors of 4853?
23, 211
List the prime factors of 22760.
2, 5, 569
List the prime factors of 2077.
31, 67
What are the prime factors of 65242?
2, 32621
What are the prime factors of 3475?
5, 139
List the prime factors of 984.
2, 3, 41
What are the prime factors of 861?
3, 7, 41
What are the prime factors of 5780?
2, 5, 17
What are the prime factors of 633?
3, 211
What are the prime factors of 29805?
3, 5, 1987
What are the prime factors of 674?
2, 337
List the prime factors of 4964.
2, 17, 73
List the prime factors of 3213.
3, 7, 17
What are the prime factors of 1324?
2, 331
What are the prime factors of 921?
3, 307
List the prime factors of 2460.
2, 3, 5, 41
What are the prime factors of 648?
2, 3
List the prime factors of 1615.
5, 17, 19
What are the prime factors of 83373?
3, 27791
List the prime factors of 12962.
2, 6481
What are the prime factors of 36213?
3, 12071
List the prime factors of 1314.
2, 3, 73
List the prime factors of 4559.
47, 97
What are the prime factors of 10670?
2, 5, 11, 97
What are the prime factors of 3636?
2, 3, 101
What are the prime factors of 62522?
2, 43, 727
List the prime factors of 96.
2, 3
List the prime factors of 5991.
3, 1997
List the prime factors of 6901.
67, 103
List the prime factors of 8065.
5, 1613
List the prime factors of 41645.
5, 8329
What are the prime factors of 83107?
41, 2027
What are the prime factors of 706?
2, 353
List the prime factors of 534.
2, 3, 89
What are the prime factors of 67123?
7, 43, 223
What are the prime factors of 2643?
3, 881
List the prime factors of 19074.
2, 3, 11, 17
List the prime factors of 12635.
5, 7, 19
What are the prime factors of 593?
593
What are the prime factors of 20310?
2, 3, 5, 677
List the prime factors of 1871.
1871
What are the prime factors of 37018?
2, 83, 223
What are the prime factors of 1237?
1237
What are the prime factors of 118538?
2, 7, 8467
What are the prime factors of 1619?
1619
What are the prime factors of 8707?
8707
What are the prime factors of 5529?
3, 19, 97
List the prime factors of 359.
359
List the prime factors of 172.
2, 43
List the prime factors of 6677.
11, 607
What are the prime factors of 6444?
2, 3, 179
What are the prime factors of 4175?
5, 167
List the prime factors of 7851.
3, 2617
What are the prime factors of 23957?
23957
List the prime factors of 10371.
3, 3457
What are the prime factors of 10394?
2, 5197
What are the prime factors of 12161?
12161
List the prime factors of 40198.
2, 101, 199
List the prime factors of 6069.
3, 7, 17
What are the prime factors of 6506?
2, 3253
List the prime factors of 20.
2, 5
List the prime factors of 11561.
11, 1051
What are the prime factors of 2081?
2081
List the prime factors of 9603.
3, 11, 97
List the prime factors of 33570.
2, 3, 5, 373
List the prime factors of 19087.
19087
What are the prime factors of 3844?
2, 31
List the prime factors of 9337.
9337
List the prime factors of 4646.
2, 23, 101
List the prime factors of 9388.
2, 2347
List the prime factors of 165.
3, 5, 11
What are the prime factors of 1349?
19, 71
List the prime factors of 5148.
2, 3, 11, 13
What are the prime factors of 2403?
3, 89
What are the prime factors of 62293?
7, 11, 809
List the prime factors of 87625.
5, 701
List the prime factors of 9317.
7, 11
What are the prime factors of 1558?
2, 19, 41
What are the prime factors of 20199?
3, 6733
What are the prime factors of 4278?
2, 3, 23, 31
What are the prime factors of 1612?
2, 13, 31
List the prime factors of 693.
3, 7, 11
List the prime factors of 37677.
3, 19, 661
List the prime factors of 54499.
54499
List the prime factors of 3096.
2, 3, 43
What are the prime factors of 158?
2, 79
What are the prime factors of 6208?
2, 97
List the prime factors of 906.
2, 3, 151
What are the prime factors of 245?
5, 7
List the prime factors of 127491.
3, 7, 13, 467
What are the prime factors of 75268?
2, 31, 607
Lis